-5
Let v(j) = 4*j**2 - 2*j + 1. Suppose -2*u = -2*x - 12, 5*u + 35 = -5*x + 15. Determine v(u).
3
Let t(b) be the second derivative of -b**3/6 + 9*b**2/2 - 20*b. Determine t(0).
9
Let j(m) = 2*m + 10. Suppose -3*n + c - 14 = 13, -3*n = -5*c + 27. What is j(n)?
-8
Let m(z) be the first derivative of -z**6/360 + 7*z**5/120 - z**4/12 - 5*z**3/3 - 5. Let t(f) be the third derivative of m(f). Give t(5).
8
Let m(l) = -4. Let n(x) = x - 9. Let y(v) = 5*m(v) - 2*n(v). Determine y(2).
-6
Let q(o) = o**3 - 5*o**2 + o - 4. Let t be q(5). Let s(f) be the first derivative of 1/2*f**2 - 4 - 5/3*f**3 - f. Determine s(t).
-5
Let w be 8/(6/(-3)) + -2. Let s(j) = -j**2 - 6*j - 9. Determine s(w).
-9
Let z(k) = k**3 + 5*k**2 - 2*k - 7. Let d be 22/5 + (-14)/35. Let y(m) = -2*m - 11. Let f be y(-8). Suppose -d*p = -3*p + f. Calculate z(p).
3
Let o(c) be the third derivative of -1/12*c**4 + 0 - c**2 + 0*c + 1/60*c**5 + 1/6*c**3. Calculate o(3).
4
Let r(l) = -l + 2. Let s(u) = 3*u**2. Let w be s(1). Suppose 4*o - 3*x + 6 = 0, w*x + 2 = 4*x. Suppose o = 4*d - 4*t - 16, -5*d - 16 = -d + 4*t. What is r(d)?
2
Let g(n) = -n**3 + 4*n**2 + 2*n - 1. Let p(r) = 6*r**3 - 20*r**2 - 9*r + 6. Let i(y) = 11*g(y) + 2*p(y). Calculate i(-4).
-15
Let n(f) = -1 + 76*f - 147*f + 74*f. Give n(6).
17
Let v(x) = 2*x + 44 - 44. Suppose 4 = -5*w - 1. Give v(w).
-2
Let n(l) = 2 + 0 - l**3 - 3 + 6*l**3. Give n(1).
4
Let j(q) = q**3 - 3*q**2 + 2. Let i(h) = 2*h. Let c be i(3). Let f be (3/(-15) + 1)*-5. Let b = c + f. Calculate j(b).
-2
Let t(p) be the first derivative of -p**3/3 + 7*p**2/2 + 7*p - 65. What is t(6)?
13
Let i(n) = -2*n**3 + n**2 - 1 + 5*n - n + n**3. Suppose -2*q + 56 = 4*w - 0*w, 5*w - 20 = 0. Let s be (3/5)/(4/q). Determine i(s).
-7
Suppose 6*g = g + 20. Suppose -5*x + 2*s = -8 + 1, 0 = g*x + 4*s. Let k(y) = 7*y**3 - y. What is k(x)?
6
Let f(k) = -k**3 + 3*k**2 + 4*k. Suppose 3*n + 2 = -2*r, -4*n + r = -4*r - 28. Let c be n/(-4) + 27/6. Calculate f(c).
0
Let p(m) = -m**3 + 6*m**2 - 4*m. Suppose -2*i + 10 = 4*a, -3*a - 1 = 2*i - 11. What is p(i)?
5
Let l be (48/(-56))/(2/14). Let x = l - -3. Let p(n) be the second derivative of n**3/6 + n**2 + n. Determine p(x).
-1
Suppose -38 = 3*o + 5*y, 14 = -5*o - 3*y + 7*y. Let k(r) be the first derivative of r**2/2 + 4*r + 2. Determine k(o).
-2
Let t(j) = 2*j - 6. Let f(l) = 3*l - 6. Let p(q) = 3*f(q) - 4*t(q). Give p(0).
6
Let z = -10 + 17. Let b(x) = -4*x**3 + 0*x - 1 + 2*x - 4*x. Let r(j) = 5*j**3 + 2*j + 1. Let m(k) = z*b(k) + 6*r(k). Determine m(-1).
-1
Let u(y) be the first derivative of -y**4/4 - 5*y**3/3 - y**2/2 - 6*y + 1. Let a be 2/16*4*-10. What is u(a)?
-1
Let i be (-4)/((1 + -3)*1). Let f(m) = -m**3 + 3*m - 3. Determine f(i).
-5
Suppose 4*w - 9 = 3. Let l(q) be the third derivative of 0*q + 0 - 1/8*q**4 + 3*q**2 - 1/3*q**3 + 1/60*q**5. Calculate l(w).
-2
Suppose 7*c - 8*c = 1. Let i(k) = 9*k. What is i(c)?
-9
Let m = -1 - -1. Let y(u) = -u**2 + u + 6. Let n be y(m). Let x(l) = -n + 0*l + l - 3*l. Give x(-5).
4
Suppose d - 7 = -g, -3*d = 5*g - 34 + 9. Let y(h) = 1 + 1 + 0*h + h**g + 3*h. Suppose 2*l - 9*l - 14 = 0. What is y(l)?
0
Let t(w) = w**2 - 2. Let m be 21/9 - 4/(-6). Let q = -2 + m. Let h = -1 + q. Give t(h).
-2
Suppose 2*v + 12 = -v. Let j = v - -5. Let u(r) be the second derivative of -7*r**5/20 - r**4/12 + r**2/2 + r. Calculate u(j).
-7
Let a be ((-4)/6)/(4/(-18)). Let r(p) = p + 1 + 0*p + 4*p**2 - p**a - 3*p. Suppose -3*j - 2*j = -20. Determine r(j).
-7
Let x(j) be the second derivative of j**3/3 - 3*j**2 + 9*j. Determine x(4).
2
Let g be 1 + (-2 - (-2 + 4)). Let v(z) be the second derivative of 0 - 1/4*z**4 + 2*z**2 - 1/20*z**5 + 4*z + 1/2*z**3. Determine v(g).
-5
Let r(m) = m**3 + 6*m**2 - m + 1. Let u be 6/8 - (-6)/(-8). Suppose -6 = w - u. What is r(w)?
7
Let l(m) be the first derivative of 2*m**2 + 4*m - 60. What is l(-2)?
-4
Let w = 20 + 8. Suppose -4*j = -3*c - 23, -2*j - 4*c = -7*j + w. Let x(a) = j*a + 2 - 5*a - 8. Determine x(4).
6
Let w(q) be the third derivative of q**5/60 - 5*q**4/24 - q**3/6 - q**2. Let p(j) = j**3 - 10*j**2 - 12*j + 14. Let x be p(11). Give w(x).
-7
Let a = -21 - -17. Let z(f) = f**3 + 5*f**2 + 4*f + 4. Calculate z(a).
4
Let k(p) = p + 10. Let m be k(-8). Let x = m + -1. Let r(j) = -6*j**2 + 2*j - 1. Calculate r(x).
-5
Let u(p) = -3*p + 13. Let a(k) = k - 4. Let n(g) = 7*a(g) + 2*u(g). Give n(-5).
-7
Suppose 40 = -3*i + 10. Suppose -5*c - 3*b + 19 = -6, -4*c - 3*b = -20. Let d = c + i. Let v(s) = -s**2 - 6*s - 5. Give v(d).
0
Let k(p) = 5*p**2 - 3*p - 4. Let s(t) = -6*t**2 + 4*t + 5. Let x(u) = -5*k(u) - 4*s(u). Give x(2).
-6
Let f(o) be the third derivative of o**7/2520 - o**6/144 - o**5/60 - o**4/12 + 3*o**2. Let k(n) be the second derivative of f(n). Determine k(4).
-6
Suppose g + 5*o - 7 = 3, 8 = 4*o. Let p(s) = 4 + g + 2 - s**2 + s + s**3. Let x(h) = h**3 + 5. Let q(z) = 3*p(z) - 4*x(z). Calculate q(-4).
2
Let v(q) = -q**3 + 16*q**2 - q + 13. Let d be v(16). Let t(j) = -j - 3. Give t(d).
0
Let b = 11 - 8. Let z = 10 - b. Let q(m) = m**2 - 7*m - 8. Calculate q(z).
-8
Let r(v) = 5*v**2 + 10*v. Let t(h) = -9*h**2 - 19*h - 1. Let i(x) = 11*r(x) + 6*t(x). Let n = 1 - -5. Give i(n).
6
Let q(j) = j - 3. Let t be q(3). Let n(k) = -24*k - k**2 + 23*k - k**2 + k**2 - 1. Give n(t).
-1
Let i be 12/(-54) + 68/(-18). Let j(r) be the first derivative of r**2/2 + 3*r - 3. What is j(i)?
-1
Let a(d) = d - 8. Let r be a(6). Let c be (1/r)/(1/(-6)). Let q(v) = 2*v**2 - 5*v + 4. Calculate q(c).
7
Let y(h) = 0*h + 0*h**2 + h - 7 + h**2. Suppose -2*v = -5*v. Suppose a + v*a = 0. What is y(a)?
-7
Let d(a) = 12*a**2 + 3 - 11*a**2 + 5*a - 2. Suppose -3*y + 15 = 0, 0*w + 3*y = 3*w - 9. Let f be 42/(-8) + 2/w. Calculate d(f).
1
Let f(b) be the second derivative of -b**5/20 - b**3/6 + b**2/2 + 4*b. What is f(1)?
-1
Let v(k) be the second derivative of -k**4/12 + 4*k**2 + k. Suppose -2*o = -o. Determine v(o).
8
Let d(l) = -5*l - 3 + l**2 + l**2 - 4*l**2. Let y = 33 - 30. Let s(r) = -r**2 - 2*r - 1. Let h(u) = y*d(u) - 7*s(u). Calculate h(-2).
4
Let p be 2 - (-5 - -3)*-1. Suppose -2*a + 20 = -p*a. Suppose 0 = -5*d - 0*d + a. Let o(j) = -j**2 - 2. Calculate o(d).
-6
Let h(u) = 2*u**3 + 49 + 5*u - 52 - 3*u**3 + 4*u**2. Determine h(5).
-3
Let k(z) = z**2 + 4 - 5 - 2813*z + 2821*z. Give k(-7).
-8
Let s(v) = v**3 + 6*v**2 - v + 1. Suppose -l - 2*m - 8 = 0, -l + 5*l = 5*m - 19. Calculate s(l).
7
Let r(a) be the second derivative of -a**4/12 - a**3 + 3*a**2 - 3*a. Determine r(-6).
6
Let p(q) be the first derivative of -q**4/4 - 2*q**3 + 5*q - 6. What is p(-6)?
5
Let m(s) = -4*s - 1. Let z be m(1). Let h(f) = -4*f - 6. Let j be (-2)/(-6)*-3*1. Let o(d) = 1. Let u(n) = j*h(n) + z*o(n). Calculate u(-1).
-3
Let w(p) be the first derivative of p**4/4 + p**3 - 2*p**2 + 4*p + 1. Give w(-4).
4
Let z(u) = 4*u - 3. Let a(l) = 9*l - 7. Let x(j) = -2*a(j) + 5*z(j). Determine x(4).
7
Let w(y) be the third derivative of 1/24*y**4 + 0 - 1/3*y**3 + 0*y + 5*y**2. Suppose -2 = -4*r + 10. Determine w(r).
1
Let u(l) = 0*l + 6*l**2 - l**3 + 14 - 7 - 6*l. Suppose -11 = -2*n + n - 3*q, 4*n - 4*q - 12 = 0. Determine u(n).
2
Let i(l) be the first derivative of -l**5/60 - l**4/8 + l**3/6 - 3*l**2/2 + 4. Let w(v) be the second derivative of i(v). Determine w(-5).
-9
Let q be 2 + -1*(-3 + 2). Let g(p) = 2 + 0*p - q*p + p. Give g(3).
-4
Suppose -2*q + 3 = -1. Suppose 0 = -4*v + 4*a + 7 + 9, 0 = -5*v + q*a + 17. Suppose -f - 2 = v. Let z(k) = k**2 + 5*k - 4. Determine z(f).
-4
Suppose 0*d = -2*d + 6. Let x(w) = 0 - d*w**2 + 4*w + 1 - 3*w + w**2. Calculate x(2).
-5
Suppose 3*z - 2*p + 5 = 0, 3*z + 3*p - 2*p = -20. Suppose -2*q - 38 + 128 = 0. Let b be (-2)/(z/(q/(-6))). Let m(n) = -3*n - 2. What is m(b)?
7
Let d(b) be the third derivative of -b**6/120 - b**4/12 + b**3/6 - 2*b**2. Calculate d(1).
-2
Let z(f) = 2*f - 3. Let r be 2 - (0 - 2)*(-7)/2. Determine z(r).
-13
Suppose 4*g = 4, -10 = 8*x - 3*x - 5*g. Let n(o) be the third derivative of 0*o - 1/6*o**3 + 0 + 4*o**2 + 3/8*o**4. Calculate n(x).
-10
Let o = -1 - 3. Let m(l) be the first derivative of -l**3/3 - l**2/2 + 5*l - 19. What is m(o)?
-7
Let n(l) = -l**3 - l + 10. Suppose -2 = -q - 2. Calculate n(q).
10
Let t(h) be the first derivative of h**3/3 + 7*h**2/2 + 6*h + 2. Let y(s) = -s*